{"id":213,"date":"2017-07-07T10:52:17","date_gmt":"2017-07-07T10:52:17","guid":{"rendered":"http:\/\/www.abccargo.pt\/?page_id=213"},"modified":"2018-01-04T15:08:08","modified_gmt":"2018-01-04T15:08:08","slug":"logistica","status":"publish","type":"page","link":"https:\/\/www.abccargo.pt\/index.php\/logistica\/","title":{"rendered":"Log\u00edstica"},"content":{"rendered":"<p>[vc_row equal_height=&#8221;yes&#8221; content_placement=&#8221;middle&#8221; wrap_type=&#8221;in_container&#8221;][vc_column width=&#8221;1\/2&#8243;][vc_single_image image=&#8221;383&#8243; img_size=&#8221;full&#8221; alignment=&#8221;center&#8221;][\/vc_column][vc_column width=&#8221;1\/2&#8243;][vc_column_text]<\/p>\n<p style=\"text-align: justify;\">A capacidade de integrar as v\u00e1rias fun\u00e7\u00f5es inerentes \u00e0 cadeia log\u00edstica, nomeadamente o transporte, a armazenagem, a etiquetagem, a paletiza\u00e7\u00e3o, \u201cPick and Pack\u201d e distribui\u00e7\u00e3o, fazem da <strong>ABC CARGO<\/strong> o parceiro ideal para as empresas que desejam concentrar os seus esfor\u00e7os e as suas potencialidades no essencial do seu neg\u00f3cio.<\/p>\n<p style=\"text-align: justify;\">A <strong>ABC CARGO<\/strong> disp\u00f5e de infraestruturas adequadas de armazenagem e log\u00edstica para exporta\u00e7\u00e3o, importa\u00e7\u00e3o e distribui\u00e7\u00e3o nacional.<\/p>\n<p style=\"text-align: justify;\">A nossa capacidade de armazenagem pode ser partilhada ou mesmo parcialmente dedicada aos nossos clientes, beneficiando estes dos nossos recursos, particularmente dos meios de manuseamento de cargas, pessoal especializado e seguran\u00e7a, para a movimenta\u00e7\u00e3o de grandes volumes de carga durante picos de atividade ou para projetos espec\u00edficos, possibilitando, em curtos espa\u00e7os de tempo, uma resposta \u00e0s r\u00e1pidas mudan\u00e7as do mercado.<\/p>\n<p style=\"text-align: justify;\">Apresentamos um servi\u00e7o de qualidade, com vantagens competitivas e diferenciador .<\/p>\n<p>[\/vc_column_text][\/vc_column][\/vc_row][vc_row][vc_column][vc_empty_space height=&#8221;42px&#8221;][\/vc_column][\/vc_row][vc_row equal_height=&#8221;yes&#8221; content_placement=&#8221;middle&#8221; parallax=&#8221;content-moving&#8221; parallax_image=&#8221;383&#8243; css=&#8221;.vc_custom_1506096246567{padding-bottom: 40px !important;}&#8221;][vc_column][vc_custom_heading text=&#8221;Servi\u00e7os de Valor Acrescentado&#8221; font_container=&#8221;tag:h3|text_align:center|color:%23ffffff&#8221; use_theme_fonts=&#8221;yes&#8221;][vc_row_inner equal_height=&#8221;yes&#8221; content_placement=&#8221;middle&#8221; gap=&#8221;25&#8243; wrap_type=&#8221;in_container&#8221; css=&#8221;.vc_custom_1500307391736{margin-bottom: 32px !important;padding-bottom: 20px !important;}&#8221;][vc_column_inner width=&#8221;1\/3&#8243; css=&#8221;.vc_custom_1500307063112{background-color: #ffffff !important;}&#8221;][vc_single_image image=&#8221;80&#8243; img_size=&#8221;full&#8221; alignment=&#8221;center&#8221;][vc_custom_heading text=&#8221;Pick and Pack&#8221; font_container=&#8221;tag:h3|text_align:center|color:%23000000&#8243; use_theme_fonts=&#8221;yes&#8221;][vc_column_text]<\/p>\n<p style=\"text-align: center;\">Rece\u00e7\u00e3o, Confer\u00eancia, Separa\u00e7\u00e3o, Etiquetagem, Embalagem e Controlo de Encomendas<\/p>\n<p>[\/vc_column_text][\/vc_column_inner][vc_column_inner width=&#8221;1\/3&#8243; css=&#8221;.vc_custom_1500307315767{background-color: #ffffff !important;}&#8221;][vc_single_image image=&#8221;91&#8243; img_size=&#8221;full&#8221; alignment=&#8221;center&#8221;][vc_custom_heading text=&#8221;Armazenagem&#8221; font_container=&#8221;tag:h3|text_align:center|color:%23000000&#8243; use_theme_fonts=&#8221;yes&#8221;][vc_column_text css=&#8221;.vc_custom_1500375426301{padding-bottom: 25px !important;}&#8221;]<\/p>\n<p style=\"text-align: center;\">Confer\u00eancia, Embalagem e Armazenamento<\/p>\n<p>[\/vc_column_text][\/vc_column_inner][vc_column_inner width=&#8221;1\/3&#8243; css=&#8221;.vc_custom_1500307323896{background-color: #ffffff !important;}&#8221;][vc_single_image image=&#8221;57&#8243; img_size=&#8221;full&#8221; alignment=&#8221;center&#8221;][vc_custom_heading text=&#8221;Prepara\u00e7\u00e3o de Encomendas&#8221; font_container=&#8221;tag:h3|text_align:center|color:%23000000&#8243; use_theme_fonts=&#8221;yes&#8221;][vc_column_text]<\/p>\n<p style=\"text-align: center;\">Rotulagem, Embalagem e Prepara\u00e7\u00e3o para distribui\u00e7\u00e3o.<\/p>\n<p>[\/vc_column_text][\/vc_column_inner][\/vc_row_inner][vc_row_inner equal_height=&#8221;yes&#8221; gap=&#8221;25&#8243; wrap_type=&#8221;in_container&#8221;][vc_column_inner width=&#8221;1\/2&#8243; css=&#8221;.vc_custom_1500375480658{background-color: #ffffff !important;}&#8221;][vc_single_image image=&#8221;93&#8243; img_size=&#8221;full&#8221; alignment=&#8221;center&#8221;][vc_custom_heading text=&#8221;Seguran\u00e7a 24h\/7 dias por semana&#8221; font_container=&#8221;tag:h3|text_align:center|color:%23000000&#8243; use_theme_fonts=&#8221;yes&#8221;][\/vc_column_inner][vc_column_inner el_class=&#8221;entrega&#8221; width=&#8221;1\/2&#8243; css=&#8221;.vc_custom_1506100694287{background-color: #ffffff !important;}&#8221;][vc_single_image image=&#8221;94&#8243; img_size=&#8221;full&#8221; alignment=&#8221;center&#8221;][vc_custom_heading text=&#8221;Entregas&#8221; font_container=&#8221;tag:h3|text_align:center|color:%23000000&#8243; use_theme_fonts=&#8221;yes&#8221;][vc_column_text]<\/p>\n<ul>\n<li>24\/48 horas para entregas em Portugal;<\/li>\n<li>Distribui\u00e7\u00e3o em Espanha dentro de 72 horas;<\/li>\n<li>Entregas expresso<\/li>\n<\/ul>\n<p>[\/vc_column_text][\/vc_column_inner][\/vc_row_inner][\/vc_column][\/vc_row][vc_row][vc_column][vc_row_inner wrap_type=&#8221;in_container&#8221;][vc_column_inner][vc_raw_html]JTNDYSUyMGhyZWYlM0QlMjJodHRwJTNBJTJGJTJGd3d3LmFiY2NhcmdvLnB0JTJGaW5kZXgucGhwJTJGb3JjYW1lbnRvJTJGJTIyJTIwaWQlM0QlMjJpbWdCdWRnZXQlMjIlMjAlM0UlMEElM0NkaXYlMjBjbGFzcyUzRCUyMmJveCUyMGJveFRyYW5zcG9ydCUyMiUyMGlkJTNEJTIyaW1nQnVkZ2V0JTIyJTNFJTBBJTNDaW1nJTIwc3JjJTNEJTIyaHR0cCUzQSUyRiUyRnd3dy5hYmNjYXJnby5wdCUyRndwLWNvbnRlbnQlMkZ1cGxvYWRzJTJGMjAxNyUyRjEyJTJGZmlsZV9idWRnZXQucG5nJTIyJTBBJTIwZGF0YS1ob3ZlciUzRCUyMmh0dHAlM0ElMkYlMkZ3d3cuYWJjY2FyZ28ucHQlMkZ3cC1jb250ZW50JTJGdXBsb2FkcyUyRjIwMTclMkYxMiUyRmZpbGVfYnVkZ2V0X3doaXRlLTEucG5nJTIyJTBBZGF0YS1vdXQlM0QlMjJodHRwJTNBJTJGJTJGd3d3LmFiY2NhcmdvLnB0JTJGd3AtY29udGVudCUyRnVwbG9hZHMlMkYyMDE3JTJGMTIlMkZmaWxlX2J1ZGdldC5wbmclMjIlMkYlM0UlMEElM0NoMyUzRVBlZGlyJTIwT3IlQzMlQTdhbWVudG8lM0MlMkZoMyUzRSUwQSUzQyUyRmRpdiUzRSUwQSUzQyUyRmElM0U=[\/vc_raw_html][vc_raw_js]JTNDc2NyaXB0JTIwdHlwZSUzRCUyMnRleHQlMkZqYXZhc2NyaXB0JTIyJTNFJTIwJTBBalF1ZXJ5JTI4ZG9jdW1lbnQlMjkucmVhZHklMjhmdW5jdGlvbiUyOCUyMCUyNCUyMCUyOSUyMCU3QiUwQSUwOSUwQSUyNCUyOCUyN2RpdiUyM2ltZ0J1ZGdldCUyNyUyOS5vbiUyOCUyN21vdXNlb3ZlciUyNyUyQyUyMCUwQWZ1bmN0aW9uJTI4JTI5JTdCJTBBJTIwJTIwJTIwJTIwdmFyJTIwaW1nJTIwJTNEJTIwJTI0JTI4dGhpcyUyOS5jaGlsZHJlbiUyOCUyN2ltZyUyNyUyOSUzQiUwQSUyMCUyMCUyMCUyMGltZy5hdHRyJTI4JTI3c3JjJTI3JTJDJTIwaW1nLmRhdGElMjglMjdob3ZlciUyNyUyOSUyOSUzQiUwQSUyNCUyOHRoaXMlMjkuZmluZCUyOCUyN2gzJTI3JTI5LmNzcyUyOCU3QiUyMmNvbG9yJTIyJTNBJTIwJTIyJTIzZmZmJTIyJTdEJTI5JTNCJTBBJTdEJTI5JTNCJTBBJTBBJTI0JTI4JTI3ZGl2JTIzaW1nQnVkZ2V0JTI3JTI5Lm9uJTI4JTI3bW91c2VvdXQlMjclMkMlMjBmdW5jdGlvbiUyOCUyOSU3QiUwQSUyMCUyMCUyMCUyMHZhciUyMGltZyUyMCUzRCUyMCUyNCUyOHRoaXMlMjkuY2hpbGRyZW4lMjglMjdpbWclMjclMjklM0IlMEElMjAlMjAlMjAlMjBpbWcuYXR0ciUyOCUyN3NyYyUyNyUyQyUyMGltZy5kYXRhJTI4JTI3b3V0JTI3JTI5JTI5JTNCJTBBJTI0JTI4dGhpcyUyOS5maW5kJTI4JTI3aDMlMjclMjkuY3NzJTI4JTdCJTIyY29sb3IlMjIlM0ElMjAlMjIlMjMzMzMlMjIlN0QlMjklM0IlMEElN0QlMjklM0IlMEElMEElMjAlN0QlMjklM0IlMEElM0MlMkZzY3JpcHQlM0U=[\/vc_raw_js][\/vc_column_inner][\/vc_row_inner][\/vc_column][\/vc_row]<\/p>\n","protected":false},"excerpt":{"rendered":"<p>[vc_row equal_height=&#8221;yes&#8221; content_placement=&#8221;middle&#8221; wrap_type=&#8221;in_container&#8221;][vc_column width=&#8221;1\/2&#8243;][vc_single_image image=&#8221;383&#8243; img_size=&#8221;full&#8221; alignment=&#8221;center&#8221;][\/vc_column][vc_column width=&#8221;1\/2&#8243;][vc_column_text] A capacidade de integrar as v\u00e1rias fun\u00e7\u00f5es inerentes \u00e0 cadeia log\u00edstica, nomeadamente o transporte, a armazenagem, a etiquetagem, a paletiza\u00e7\u00e3o, \u201cPick and Pack\u201d e distribui\u00e7\u00e3o, fazem da ABC CARGO o parceiro ideal para as empresas que desejam concentrar os seus esfor\u00e7os e as suas potencialidades no essencial do seu neg\u00f3cio. A&#8230;<\/p>\n","protected":false},"author":1,"featured_media":0,"parent":0,"menu_order":0,"comment_status":"closed","ping_status":"closed","template":"page-full-width.php","meta":{"footnotes":""},"class_list":["post-213","page","type-page","status-publish","hentry"],"_links":{"self":[{"href":"https:\/\/www.abccargo.pt\/index.php\/wp-json\/wp\/v2\/pages\/213"}],"collection":[{"href":"https:\/\/www.abccargo.pt\/index.php\/wp-json\/wp\/v2\/pages"}],"about":[{"href":"https:\/\/www.abccargo.pt\/index.php\/wp-json\/wp\/v2\/types\/page"}],"author":[{"embeddable":true,"href":"https:\/\/www.abccargo.pt\/index.php\/wp-json\/wp\/v2\/users\/1"}],"replies":[{"embeddable":true,"href":"https:\/\/www.abccargo.pt\/index.php\/wp-json\/wp\/v2\/comments?post=213"}],"version-history":[{"count":48,"href":"https:\/\/www.abccargo.pt\/index.php\/wp-json\/wp\/v2\/pages\/213\/revisions"}],"predecessor-version":[{"id":1289,"href":"https:\/\/www.abccargo.pt\/index.php\/wp-json\/wp\/v2\/pages\/213\/revisions\/1289"}],"wp:attachment":[{"href":"https:\/\/www.abccargo.pt\/index.php\/wp-json\/wp\/v2\/media?parent=213"}],"curies":[{"name":"wp","href":"https:\/\/api.w.org\/{rel}","templated":true}]}}