{"id":211,"date":"2017-07-07T10:51:53","date_gmt":"2017-07-07T10:51:53","guid":{"rendered":"http:\/\/www.abccargo.pt\/?page_id=211"},"modified":"2018-01-04T14:58:34","modified_gmt":"2018-01-04T14:58:34","slug":"transporte-maritimo","status":"publish","type":"page","link":"https:\/\/www.abccargo.pt\/index.php\/transporte-maritimo\/","title":{"rendered":"Transporte Mar\u00edtimo"},"content":{"rendered":"<p>[vc_row equal_height=&#8221;yes&#8221; content_placement=&#8221;middle&#8221; wrap_type=&#8221;in_container&#8221;][vc_column width=&#8221;1\/2&#8243;][vc_single_image image=&#8221;270&#8243; img_size=&#8221;full&#8221; alignment=&#8221;center&#8221;][\/vc_column][vc_column width=&#8221;1\/2&#8243;][vc_column_text]<\/p>\n<p style=\"text-align: justify;\">Atrav\u00e9s da divis\u00e3o mar\u00edtima, a <strong>ABC CARGO<\/strong> opera de, e para qualquer ponto do mundo, oferecendo um servi\u00e7o flex\u00edvel e adequado \u00e0s necessidades de cada cliente.<\/p>\n<p style=\"text-align: justify;\">Garantimos um servi\u00e7o com alta seguran\u00e7a a n\u00edvel internacional.<\/p>\n<p>[\/vc_column_text][\/vc_column][\/vc_row][vc_row gap=&#8221;25&#8243; equal_height=&#8221;yes&#8221; content_placement=&#8221;middle&#8221; parallax=&#8221;content-moving&#8221; parallax_image=&#8221;13&#8243; css=&#8221;.vc_custom_1500372373529{padding-bottom: 20px !important;}&#8221;][vc_column][vc_custom_heading text=&#8221;Servi\u00e7os Dispon\u00edveis &#8221; font_container=&#8221;tag:h3|text_align:center|color:%23ffffff&#8221; use_theme_fonts=&#8221;yes&#8221;][vc_row_inner equal_height=&#8221;yes&#8221; content_placement=&#8221;top&#8221; gap=&#8221;25&#8243; wrap_type=&#8221;in_container&#8221; css=&#8221;.vc_custom_1513179849256{padding-top: 32px !important;padding-bottom: 32px !important;}&#8221;][vc_column_inner width=&#8221;1\/2&#8243; css=&#8221;.vc_custom_1499441948664{background-color: #ffffff !important;}&#8221;][vc_custom_heading text=&#8221; Servi\u00e7o de Contentores Completo \/ Grupagem (FCL \/ LCL)&#8221; font_container=&#8221;tag:h3|text_align:center|color:%231e120d&#8221; use_theme_fonts=&#8221;yes&#8221;][vc_separator color=&#8221;custom&#8221; align=&#8221;align_left&#8221; accent_color=&#8221;#003f80&#8243;][vc_column_text]<\/p>\n<ul>\n<li style=\"text-align: left;\">Servi\u00e7o porta-a-porta<\/li>\n<li style=\"text-align: left;\">Despachos aduaneiros<\/li>\n<li style=\"text-align: left;\">Transporte de material ADR<\/li>\n<li style=\"text-align: left;\">Transporte multimodal<\/li>\n<li style=\"text-align: left;\">Transporte frigor\u00edfico<\/li>\n<li style=\"text-align: left;\">Processamento de documenta\u00e7\u00e3o de transporte<\/li>\n<\/ul>\n<p>[\/vc_column_text][\/vc_column_inner][vc_column_inner width=&#8221;1\/2&#8243; css=&#8221;.vc_custom_1500367107886{background-color: #ffffff !important;}&#8221;][vc_custom_heading text=&#8221; Servi\u00e7o Intra-Europeu de Contentor Completo (FCL)&#8221; font_container=&#8221;tag:h3|text_align:center|color:%231e120d&#8221; use_theme_fonts=&#8221;yes&#8221; css=&#8221;.vc_custom_1500374453851{padding-bottom: 25px !important;}&#8221;][vc_separator color=&#8221;custom&#8221; align=&#8221;align_left&#8221; accent_color=&#8221;#003f80&#8243;][vc_column_text]<\/p>\n<ul>\n<li>Servi\u00e7o FCL &#8211; Contentores completos de 20&#8217;\/40&#8217;\/45&#8217;\/HC<\/li>\n<li>Servi\u00e7o porta-a-porta<\/li>\n<li>Transporte multimodal<\/li>\n<\/ul>\n<p>[\/vc_column_text][\/vc_column_inner][\/vc_row_inner][\/vc_column][\/vc_row][vc_row equal_height=&#8221;yes&#8221;][vc_column][vc_row_inner equal_height=&#8221;yes&#8221; content_placement=&#8221;middle&#8221; gap=&#8221;15&#8243; wrap_type=&#8221;in_container&#8221;][vc_column_inner width=&#8221;1\/4&#8243; css=&#8221;.vc_custom_1500372653065{background-color: #ffffff !important;}&#8221;][dh_animation el_class=&#8221;boxFeatured&#8221;][vc_single_image image=&#8221;92&#8243; img_size=&#8221;full&#8221; alignment=&#8221;center&#8221;][vc_custom_heading text=&#8221;Documenta\u00e7\u00e3o&#8221; font_container=&#8221;tag:h3|text_align:center|color:%231e120d&#8221; use_theme_fonts=&#8221;yes&#8221;][\/dh_animation][\/vc_column_inner][vc_column_inner width=&#8221;1\/4&#8243; css=&#8221;.vc_custom_1500373953291{background-color: #ffffff !important;}&#8221;][dh_animation el_class=&#8221;boxFeatured&#8221;][vc_single_image image=&#8221;91&#8243; img_size=&#8221;full&#8221; alignment=&#8221;center&#8221;][vc_custom_heading text=&#8221;Armazenagem&#8221; font_container=&#8221;tag:h3|text_align:center|color:%231e120d&#8221; use_theme_fonts=&#8221;yes&#8221;][\/dh_animation][\/vc_column_inner][vc_column_inner width=&#8221;1\/4&#8243; css=&#8221;.vc_custom_1500374097609{background-color: #ffffff !important;}&#8221;][dh_animation el_class=&#8221;boxFeatured&#8221;][vc_single_image image=&#8221;57&#8243; img_size=&#8221;full&#8221; alignment=&#8221;center&#8221;][vc_custom_heading text=&#8221;Consolida\u00e7\u00e3o&#8221; font_container=&#8221;tag:h3|text_align:center|color:%231e120d&#8221; use_theme_fonts=&#8221;yes&#8221;][\/dh_animation][\/vc_column_inner][vc_column_inner width=&#8221;1\/4&#8243; css=&#8221;.vc_custom_1500374108353{background-color: #ffffff !important;}&#8221;][dh_animation el_class=&#8221;boxFeatured&#8221;][vc_single_image image=&#8221;94&#8243; img_size=&#8221;full&#8221; alignment=&#8221;center&#8221;][vc_custom_heading text=&#8221;Servi\u00e7o Intermodal&#8221; font_container=&#8221;tag:h3|text_align:center|color:%231e120d&#8221; use_theme_fonts=&#8221;yes&#8221;][\/dh_animation][\/vc_column_inner][\/vc_row_inner][vc_row_inner wrap_type=&#8221;in_container&#8221; css=&#8221;.vc_custom_1513179787816{padding-top: 35px !important;}&#8221;][vc_column_inner][vc_raw_html]JTNDYSUyMGhyZWYlM0QlMjJodHRwJTNBJTJGJTJGd3d3LmFiY2NhcmdvLnB0JTJGaW5kZXgucGhwJTJGb3JjYW1lbnRvJTJGJTIyJTIwaWQlM0QlMjJpbWdCdWRnZXQlMjIlMjAlM0UlMEElM0NkaXYlMjBjbGFzcyUzRCUyMmJveCUyMGJveFRyYW5zcG9ydCUyMiUyMGlkJTNEJTIyaW1nQnVkZ2V0JTIyJTNFJTBBJTNDaW1nJTIwc3JjJTNEJTIyaHR0cCUzQSUyRiUyRnd3dy5hYmNjYXJnby5wdCUyRndwLWNvbnRlbnQlMkZ1cGxvYWRzJTJGMjAxNyUyRjEyJTJGZmlsZV9idWRnZXQucG5nJTIyJTBBJTIwZGF0YS1ob3ZlciUzRCUyMmh0dHAlM0ElMkYlMkZ3d3cuYWJjY2FyZ28ucHQlMkZ3cC1jb250ZW50JTJGdXBsb2FkcyUyRjIwMTclMkYxMiUyRmZpbGVfYnVkZ2V0X3doaXRlLTEucG5nJTIyJTBBZGF0YS1vdXQlM0QlMjJodHRwJTNBJTJGJTJGd3d3LmFiY2NhcmdvLnB0JTJGd3AtY29udGVudCUyRnVwbG9hZHMlMkYyMDE3JTJGMTIlMkZmaWxlX2J1ZGdldC5wbmclMjIlMkYlM0UlMEElM0NoMyUzRVBlZGlyJTIwT3IlQzMlQTdhbWVudG8lM0MlMkZoMyUzRSUwQSUzQyUyRmRpdiUzRSUwQSUzQyUyRmElM0U=[\/vc_raw_html][vc_raw_js]JTNDc2NyaXB0JTIwdHlwZSUzRCUyMnRleHQlMkZqYXZhc2NyaXB0JTIyJTNFJTIwJTBBalF1ZXJ5JTI4ZG9jdW1lbnQlMjkucmVhZHklMjhmdW5jdGlvbiUyOCUyMCUyNCUyMCUyOSUyMCU3QiUwQSUwOSUwQSUyNCUyOCUyN2RpdiUyM2ltZ0J1ZGdldCUyNyUyOS5vbiUyOCUyN21vdXNlb3ZlciUyNyUyQyUyMCUwQWZ1bmN0aW9uJTI4JTI5JTdCJTBBJTIwJTIwJTIwJTIwdmFyJTIwaW1nJTIwJTNEJTIwJTI0JTI4dGhpcyUyOS5jaGlsZHJlbiUyOCUyN2ltZyUyNyUyOSUzQiUwQSUyMCUyMCUyMCUyMGltZy5hdHRyJTI4JTI3c3JjJTI3JTJDJTIwaW1nLmRhdGElMjglMjdob3ZlciUyNyUyOSUyOSUzQiUwQSUyNCUyOHRoaXMlMjkuZmluZCUyOCUyN2gzJTI3JTI5LmNzcyUyOCU3QiUyMmNvbG9yJTIyJTNBJTIwJTIyJTIzZmZmJTIyJTdEJTI5JTNCJTBBJTdEJTI5JTNCJTBBJTBBJTI0JTI4JTI3ZGl2JTIzaW1nQnVkZ2V0JTI3JTI5Lm9uJTI4JTI3bW91c2VvdXQlMjclMkMlMjBmdW5jdGlvbiUyOCUyOSU3QiUwQSUyMCUyMCUyMCUyMHZhciUyMGltZyUyMCUzRCUyMCUyNCUyOHRoaXMlMjkuY2hpbGRyZW4lMjglMjdpbWclMjclMjklM0IlMEElMjAlMjAlMjAlMjBpbWcuYXR0ciUyOCUyN3NyYyUyNyUyQyUyMGltZy5kYXRhJTI4JTI3b3V0JTI3JTI5JTI5JTNCJTBBJTI0JTI4dGhpcyUyOS5maW5kJTI4JTI3aDMlMjclMjkuY3NzJTI4JTdCJTIyY29sb3IlMjIlM0ElMjAlMjIlMjMzMzMlMjIlN0QlMjklM0IlMEElN0QlMjklM0IlMEElMEElMjAlN0QlMjklM0IlMEElM0MlMkZzY3JpcHQlM0U=[\/vc_raw_js][\/vc_column_inner][\/vc_row_inner][\/vc_column][\/vc_row]<\/p>\n","protected":false},"excerpt":{"rendered":"<p>[vc_row equal_height=&#8221;yes&#8221; content_placement=&#8221;middle&#8221; wrap_type=&#8221;in_container&#8221;][vc_column width=&#8221;1\/2&#8243;][vc_single_image image=&#8221;270&#8243; img_size=&#8221;full&#8221; alignment=&#8221;center&#8221;][\/vc_column][vc_column width=&#8221;1\/2&#8243;][vc_column_text] Atrav\u00e9s da divis\u00e3o mar\u00edtima, a ABC CARGO opera de, e para qualquer ponto do mundo, oferecendo um servi\u00e7o flex\u00edvel e adequado \u00e0s necessidades de cada cliente. Garantimos um servi\u00e7o com alta seguran\u00e7a a n\u00edvel internacional. [\/vc_column_text][\/vc_column][\/vc_row][vc_row gap=&#8221;25&#8243; equal_height=&#8221;yes&#8221; content_placement=&#8221;middle&#8221; parallax=&#8221;content-moving&#8221; parallax_image=&#8221;13&#8243; css=&#8221;.vc_custom_1500372373529{padding-bottom: 20px !important;}&#8221;][vc_column][vc_custom_heading text=&#8221;Servi\u00e7os Dispon\u00edveis &#8221; font_container=&#8221;tag:h3|text_align:center|color:%23ffffff&#8221; use_theme_fonts=&#8221;yes&#8221;][vc_row_inner equal_height=&#8221;yes&#8221; content_placement=&#8221;top&#8221;&#8230;<\/p>\n","protected":false},"author":1,"featured_media":0,"parent":0,"menu_order":0,"comment_status":"closed","ping_status":"closed","template":"page-full-width.php","meta":{"footnotes":""},"class_list":["post-211","page","type-page","status-publish","hentry"],"_links":{"self":[{"href":"https:\/\/www.abccargo.pt\/index.php\/wp-json\/wp\/v2\/pages\/211"}],"collection":[{"href":"https:\/\/www.abccargo.pt\/index.php\/wp-json\/wp\/v2\/pages"}],"about":[{"href":"https:\/\/www.abccargo.pt\/index.php\/wp-json\/wp\/v2\/types\/page"}],"author":[{"embeddable":true,"href":"https:\/\/www.abccargo.pt\/index.php\/wp-json\/wp\/v2\/users\/1"}],"replies":[{"embeddable":true,"href":"https:\/\/www.abccargo.pt\/index.php\/wp-json\/wp\/v2\/comments?post=211"}],"version-history":[{"count":76,"href":"https:\/\/www.abccargo.pt\/index.php\/wp-json\/wp\/v2\/pages\/211\/revisions"}],"predecessor-version":[{"id":1281,"href":"https:\/\/www.abccargo.pt\/index.php\/wp-json\/wp\/v2\/pages\/211\/revisions\/1281"}],"wp:attachment":[{"href":"https:\/\/www.abccargo.pt\/index.php\/wp-json\/wp\/v2\/media?parent=211"}],"curies":[{"name":"wp","href":"https:\/\/api.w.org\/{rel}","templated":true}]}}