{"id":209,"date":"2017-07-07T10:51:26","date_gmt":"2017-07-07T10:51:26","guid":{"rendered":"http:\/\/www.abccargo.pt\/?page_id=209"},"modified":"2018-01-04T15:03:06","modified_gmt":"2018-01-04T15:03:06","slug":"transporte-aereo","status":"publish","type":"page","link":"https:\/\/www.abccargo.pt\/index.php\/transporte-aereo\/","title":{"rendered":"Transporte A\u00e9reo"},"content":{"rendered":"<p>[vc_row equal_height=&#8221;yes&#8221; content_placement=&#8221;middle&#8221; wrap_type=&#8221;in_container&#8221;][vc_column width=&#8221;1\/2&#8243;][vc_single_image image=&#8221;279&#8243; img_size=&#8221;full&#8221; alignment=&#8221;center&#8221;][\/vc_column][vc_column width=&#8221;1\/2&#8243;][vc_column_text]<\/p>\n<p style=\"text-align: justify;\">Num mercado cada vez mais competitivo, a rapidez e efic\u00e1cia do transporte de mercadorias \u00e9 essencial no com\u00e9rcio internacional. A <strong>ABC CARGO<\/strong> opera na log\u00edstica a\u00e9rea em parceria com as melhores empresas de avia\u00e7\u00e3o log\u00edstica do mundo, garantindo desta forma, um servi\u00e7o exemplar com qualidade, rigor e rapidez.<\/p>\n<p style=\"text-align: justify;\">Estas parcerias permitem-nos ainda levar a carga dos nossos clientes a todas as partes do mundo.<\/p>\n<p>[\/vc_column_text][\/vc_column][\/vc_row][vc_row][vc_column][vc_empty_space height=&#8221;42px&#8221;][\/vc_column][\/vc_row][vc_row equal_height=&#8221;yes&#8221; content_placement=&#8221;middle&#8221; parallax=&#8221;content-moving&#8221; parallax_image=&#8221;414&#8243;][vc_column][vc_custom_heading text=&#8221;Servi\u00e7os Dispon\u00edveis &#8221; font_container=&#8221;tag:h3|text_align:center|color:%23ffffff&#8221; use_theme_fonts=&#8221;yes&#8221;][vc_row_inner equal_height=&#8221;yes&#8221; content_placement=&#8221;middle&#8221; gap=&#8221;25&#8243; wrap_type=&#8221;in_container&#8221; css=&#8221;.vc_custom_1500310205836{margin-bottom: 32px !important;padding-bottom: 20px !important;background-position: center !important;background-repeat: no-repeat !important;background-size: contain !important;}&#8221;][vc_column_inner width=&#8221;1\/3&#8243; css=&#8221;.vc_custom_1500309721788{background-color: #ffffff !important;}&#8221;][vc_single_image image=&#8221;8&#8243; img_size=&#8221;full&#8221; alignment=&#8221;center&#8221;][vc_custom_heading text=&#8221;Importa\u00e7\u00e3o e Exporta\u00e7\u00e3o para todo o mundo&#8221; font_container=&#8221;tag:h3|text_align:center|color:%231e120d&#8221; use_theme_fonts=&#8221;yes&#8221;][vc_empty_space height=&#8221;42px&#8221;][\/vc_column_inner][vc_column_inner width=&#8221;1\/3&#8243; css=&#8221;.vc_custom_1500309730300{background-color: #ffffff !important;background-position: center !important;background-repeat: no-repeat !important;background-size: cover !important;}&#8221;][vc_single_image image=&#8221;93&#8243; img_size=&#8221;full&#8221; alignment=&#8221;center&#8221;][vc_custom_heading text=&#8221;Seguros&#8221; font_container=&#8221;tag:h3|text_align:center|color:%231e120d&#8221; use_theme_fonts=&#8221;yes&#8221;][vc_empty_space height=&#8221;42px&#8221;][\/vc_column_inner][vc_column_inner width=&#8221;1\/3&#8243; css=&#8221;.vc_custom_1500310060099{background-color: #ffffff !important;}&#8221;][vc_single_image image=&#8221;92&#8243; img_size=&#8221;full&#8221; alignment=&#8221;center&#8221;][vc_custom_heading text=&#8221;Formalidades Aduaneiras&#8221; font_container=&#8221;tag:h3|text_align:center|color:%231e120d&#8221; use_theme_fonts=&#8221;yes&#8221;][vc_empty_space height=&#8221;42px&#8221;][\/vc_column_inner][\/vc_row_inner][\/vc_column][\/vc_row][vc_row][vc_column][vc_row_inner wrap_type=&#8221;in_container&#8221;][vc_column_inner][vc_raw_html]JTNDYSUyMGhyZWYlM0QlMjJodHRwJTNBJTJGJTJGd3d3LmFiY2NhcmdvLnB0JTJGaW5kZXgucGhwJTJGb3JjYW1lbnRvJTJGJTIyJTIwaWQlM0QlMjJpbWdCdWRnZXQlMjIlMjAlM0UlMEElM0NkaXYlMjBjbGFzcyUzRCUyMmJveCUyMGJveFRyYW5zcG9ydCUyMiUyMGlkJTNEJTIyaW1nQnVkZ2V0JTIyJTNFJTBBJTNDaW1nJTIwc3JjJTNEJTIyaHR0cCUzQSUyRiUyRnd3dy5hYmNjYXJnby5wdCUyRndwLWNvbnRlbnQlMkZ1cGxvYWRzJTJGMjAxNyUyRjEyJTJGZmlsZV9idWRnZXQucG5nJTIyJTBBJTIwZGF0YS1ob3ZlciUzRCUyMmh0dHAlM0ElMkYlMkZ3d3cuYWJjY2FyZ28ucHQlMkZ3cC1jb250ZW50JTJGdXBsb2FkcyUyRjIwMTclMkYxMiUyRmZpbGVfYnVkZ2V0X3doaXRlLTEucG5nJTIyJTBBZGF0YS1vdXQlM0QlMjJodHRwJTNBJTJGJTJGd3d3LmFiY2NhcmdvLnB0JTJGd3AtY29udGVudCUyRnVwbG9hZHMlMkYyMDE3JTJGMTIlMkZmaWxlX2J1ZGdldC5wbmclMjIlMkYlM0UlMEElM0NoMyUzRVBlZGlyJTIwT3IlQzMlQTdhbWVudG8lM0MlMkZoMyUzRSUwQSUzQyUyRmRpdiUzRSUwQSUzQyUyRmElM0U=[\/vc_raw_html][vc_raw_js]JTNDc2NyaXB0JTIwdHlwZSUzRCUyMnRleHQlMkZqYXZhc2NyaXB0JTIyJTNFJTIwJTBBalF1ZXJ5JTI4ZG9jdW1lbnQlMjkucmVhZHklMjhmdW5jdGlvbiUyOCUyMCUyNCUyMCUyOSUyMCU3QiUwQSUwOSUwQSUyNCUyOCUyN2RpdiUyM2ltZ0J1ZGdldCUyNyUyOS5vbiUyOCUyN21vdXNlb3ZlciUyNyUyQyUyMCUwQWZ1bmN0aW9uJTI4JTI5JTdCJTBBJTIwJTIwJTIwJTIwdmFyJTIwaW1nJTIwJTNEJTIwJTI0JTI4dGhpcyUyOS5jaGlsZHJlbiUyOCUyN2ltZyUyNyUyOSUzQiUwQSUyMCUyMCUyMCUyMGltZy5hdHRyJTI4JTI3c3JjJTI3JTJDJTIwaW1nLmRhdGElMjglMjdob3ZlciUyNyUyOSUyOSUzQiUwQSUyNCUyOHRoaXMlMjkuZmluZCUyOCUyN2gzJTI3JTI5LmNzcyUyOCU3QiUyMmNvbG9yJTIyJTNBJTIwJTIyJTIzZmZmJTIyJTdEJTI5JTNCJTBBJTdEJTI5JTNCJTBBJTBBJTI0JTI4JTI3ZGl2JTIzaW1nQnVkZ2V0JTI3JTI5Lm9uJTI4JTI3bW91c2VvdXQlMjclMkMlMjBmdW5jdGlvbiUyOCUyOSU3QiUwQSUyMCUyMCUyMCUyMHZhciUyMGltZyUyMCUzRCUyMCUyNCUyOHRoaXMlMjkuY2hpbGRyZW4lMjglMjdpbWclMjclMjklM0IlMEElMjAlMjAlMjAlMjBpbWcuYXR0ciUyOCUyN3NyYyUyNyUyQyUyMGltZy5kYXRhJTI4JTI3b3V0JTI3JTI5JTI5JTNCJTBBJTI0JTI4dGhpcyUyOS5maW5kJTI4JTI3aDMlMjclMjkuY3NzJTI4JTdCJTIyY29sb3IlMjIlM0ElMjAlMjIlMjMzMzMlMjIlN0QlMjklM0IlMEElN0QlMjklM0IlMEElMEElMjAlN0QlMjklM0IlMEElM0MlMkZzY3JpcHQlM0U=[\/vc_raw_js][\/vc_column_inner][\/vc_row_inner][\/vc_column][\/vc_row]<\/p>\n","protected":false},"excerpt":{"rendered":"<p>[vc_row equal_height=&#8221;yes&#8221; content_placement=&#8221;middle&#8221; wrap_type=&#8221;in_container&#8221;][vc_column width=&#8221;1\/2&#8243;][vc_single_image image=&#8221;279&#8243; img_size=&#8221;full&#8221; alignment=&#8221;center&#8221;][\/vc_column][vc_column width=&#8221;1\/2&#8243;][vc_column_text] Num mercado cada vez mais competitivo, a rapidez e efic\u00e1cia do transporte de mercadorias \u00e9 essencial no com\u00e9rcio internacional. A ABC CARGO opera na log\u00edstica a\u00e9rea em parceria com as melhores empresas de avia\u00e7\u00e3o log\u00edstica do mundo, garantindo desta forma, um servi\u00e7o exemplar com qualidade, rigor e rapidez. Estas parcerias permitem-nos&#8230;<\/p>\n","protected":false},"author":1,"featured_media":0,"parent":0,"menu_order":0,"comment_status":"closed","ping_status":"closed","template":"page-full-width.php","meta":{"footnotes":""},"class_list":["post-209","page","type-page","status-publish","hentry"],"_links":{"self":[{"href":"https:\/\/www.abccargo.pt\/index.php\/wp-json\/wp\/v2\/pages\/209"}],"collection":[{"href":"https:\/\/www.abccargo.pt\/index.php\/wp-json\/wp\/v2\/pages"}],"about":[{"href":"https:\/\/www.abccargo.pt\/index.php\/wp-json\/wp\/v2\/types\/page"}],"author":[{"embeddable":true,"href":"https:\/\/www.abccargo.pt\/index.php\/wp-json\/wp\/v2\/users\/1"}],"replies":[{"embeddable":true,"href":"https:\/\/www.abccargo.pt\/index.php\/wp-json\/wp\/v2\/comments?post=209"}],"version-history":[{"count":51,"href":"https:\/\/www.abccargo.pt\/index.php\/wp-json\/wp\/v2\/pages\/209\/revisions"}],"predecessor-version":[{"id":1285,"href":"https:\/\/www.abccargo.pt\/index.php\/wp-json\/wp\/v2\/pages\/209\/revisions\/1285"}],"wp:attachment":[{"href":"https:\/\/www.abccargo.pt\/index.php\/wp-json\/wp\/v2\/media?parent=209"}],"curies":[{"name":"wp","href":"https:\/\/api.w.org\/{rel}","templated":true}]}}