{"id":207,"date":"2017-07-07T10:51:01","date_gmt":"2017-07-07T10:51:01","guid":{"rendered":"http:\/\/www.abccargo.pt\/?page_id=207"},"modified":"2018-01-04T14:50:54","modified_gmt":"2018-01-04T14:50:54","slug":"transporte-rodoviario","status":"publish","type":"page","link":"https:\/\/www.abccargo.pt\/index.php\/transporte-rodoviario\/","title":{"rendered":"Transporte Rodovi\u00e1rio"},"content":{"rendered":"<p>[vc_row equal_height=&#8221;yes&#8221; content_placement=&#8221;middle&#8221; wrap_type=&#8221;in_container&#8221;][vc_column width=&#8221;1\/2&#8243;][vc_single_image image=&#8221;250&#8243; img_size=&#8221;full&#8221; alignment=&#8221;center&#8221;][\/vc_column][vc_column width=&#8221;1\/2&#8243;][vc_column_text]<\/p>\n<p style=\"text-align: justify;\">A <strong>ABC CARGO<\/strong> transporta qualquer carga completa ou fraccionada (grupagem), independentemente do seu peso, volume ou dimens\u00e3o, desde a origem ao destino, tendo sempre em considera\u00e7\u00e3o os fatores tempo \/ qualidade \/ pre\u00e7o no seu manuseamento e transporte.<\/p>\n<p style=\"text-align: justify;\">O servi\u00e7o de transporte rodovi\u00e1rio disponibilizado pela <strong>ABC CARGO<\/strong> oferece sa\u00eddas regulares em cami\u00f5es completos ou parciais de Portugal para toda a Europa, e de qualquer pa\u00eds europeu para Portugal, com destaque para; Espanha, Fran\u00e7a, B\u00e9lgica, Holanda, Alemanha, It\u00e1lia e Reino Unido.<\/p>\n<p style=\"text-align: justify;\">Este servi\u00e7o de transporte pode ser complementado pelo servi\u00e7o a\u00e9reo ou mar\u00edtimo, caso pretenda exportar ou importar mercadorias diretamente de outros portos ou aeroportos europeus, utilizando para o efeito, o transporte rodovi\u00e1rio.<\/p>\n<p style=\"text-align: justify;\">Desta forma, poder\u00e1 contar com um servi\u00e7o log\u00edstico integrado na oferta rodovi\u00e1ria da <strong>ABC CARGO<\/strong>, que inclui tamb\u00e9m a rece\u00e7\u00e3o, armazenagem e expedi\u00e7\u00e3o da mercadoria para qualquer destino europeu.<\/p>\n<p>[\/vc_column_text][\/vc_column][\/vc_row][vc_row equal_height=&#8221;yes&#8221; content_placement=&#8221;middle&#8221; parallax=&#8221;content-moving&#8221; parallax_image=&#8221;252&#8243; css=&#8221;.vc_custom_1506095673878{padding-bottom: 20px !important;}&#8221;][vc_column][vc_custom_heading text=&#8221;Servi\u00e7os Dispon\u00edveis &#8221; font_container=&#8221;tag:h3|text_align:center|color:%23ffffff&#8221; use_theme_fonts=&#8221;yes&#8221;][vc_row_inner equal_height=&#8221;yes&#8221; content_placement=&#8221;top&#8221; gap=&#8221;15&#8243; wrap_type=&#8221;in_container&#8221; css=&#8221;.vc_custom_1499770506562{padding-top: 32px !important;padding-bottom: 32px !important;}&#8221;][vc_column_inner width=&#8221;1\/3&#8243; css=&#8221;.vc_custom_1499441948664{background-color: #ffffff !important;}&#8221;][vc_custom_heading text=&#8221;Servi\u00e7o Expresso&#8221; font_container=&#8221;tag:h3|text_align:center|color:%231e120d&#8221; use_theme_fonts=&#8221;yes&#8221;][vc_separator color=&#8221;custom&#8221; align=&#8221;align_left&#8221; accent_color=&#8221;#003f80&#8243;][vc_column_text]<\/p>\n<ul>\n<li>Cami\u00e3o com dois motoristas<\/li>\n<li>Viaturas ligeiras<\/li>\n<\/ul>\n<p>[\/vc_column_text][\/vc_column_inner][vc_column_inner width=&#8221;1\/3&#8243; css=&#8221;.vc_custom_1499768609566{background-color: #ffffff !important;}&#8221;][vc_custom_heading text=&#8221;Transporte de Mercadorias&#8221; font_container=&#8221;tag:h3|text_align:center|color:%231e120d&#8221; use_theme_fonts=&#8221;yes&#8221;][vc_separator color=&#8221;custom&#8221; align=&#8221;align_left&#8221; accent_color=&#8221;#003f80&#8243;][vc_column_text]<\/p>\n<ul>\n<li>Perigosas &#8211; ADR<\/li>\n<li>Com temperatura controlada (Cami\u00f5es frigor\u00edficos)<\/li>\n<\/ul>\n<p>[\/vc_column_text][\/vc_column_inner][vc_column_inner width=&#8221;1\/3&#8243; css=&#8221;.vc_custom_1499768715733{background-color: #ffffff !important;}&#8221;][vc_custom_heading text=&#8221;Complementos Multimodais&#8221; font_container=&#8221;tag:h3|text_align:center|color:%231e120d&#8221; use_theme_fonts=&#8221;yes&#8221;][vc_separator color=&#8221;custom&#8221; align=&#8221;align_left&#8221; accent_color=&#8221;#003f80&#8243;][vc_column_text]<\/p>\n<ul>\n<li>A\u00e9reo &#8211; Rodovi\u00e1rio<\/li>\n<li>Mar\u00edtimo &#8211; Rodovi\u00e1rio<\/li>\n<li>Ferrovi\u00e1rio &#8211; Rodovi\u00e1rio<\/li>\n<\/ul>\n<p>[\/vc_column_text][\/vc_column_inner][\/vc_row_inner][\/vc_column][\/vc_row][vc_row css=&#8221;.vc_custom_1513180118414{background-color: #ffffff !important;}&#8221;][vc_column][vc_row_inner wrap_type=&#8221;in_container&#8221;][vc_column_inner][vc_raw_html]JTNDYSUyMGhyZWYlM0QlMjJodHRwJTNBJTJGJTJGd3d3LmFiY2NhcmdvLnB0JTJGaW5kZXgucGhwJTJGb3JjYW1lbnRvcyUyRiUyMiUyMGlkJTNEJTIyaW1nQnVkZ2V0JTIyJTIwJTNFJTBBJTNDZGl2JTIwY2xhc3MlM0QlMjJib3glMjBib3hUcmFuc3BvcnQlMjIlMjBpZCUzRCUyMmltZ0J1ZGdldCUyMiUzRSUwQSUzQ2ltZyUyMHNyYyUzRCUyMmh0dHAlM0ElMkYlMkZ3d3cuYWJjY2FyZ28ucHQlMkZ3cC1jb250ZW50JTJGdXBsb2FkcyUyRjIwMTclMkYxMiUyRmZpbGVfYnVkZ2V0LnBuZyUyMiUwQSUyMGRhdGEtaG92ZXIlM0QlMjJodHRwJTNBJTJGJTJGd3d3LmFiY2NhcmdvLnB0JTJGd3AtY29udGVudCUyRnVwbG9hZHMlMkYyMDE3JTJGMTIlMkZmaWxlX2J1ZGdldF93aGl0ZS0xLnBuZyUyMiUwQWRhdGEtb3V0JTNEJTIyaHR0cCUzQSUyRiUyRnd3dy5hYmNjYXJnby5wdCUyRndwLWNvbnRlbnQlMkZ1cGxvYWRzJTJGMjAxNyUyRjEyJTJGZmlsZV9idWRnZXQucG5nJTIyJTJGJTNFJTBBJTNDaDMlM0VQZWRpciUyME9yJUMzJUE3YW1lbnRvJTNDJTJGaDMlM0UlMEElM0MlMkZkaXYlM0UlMEElM0MlMkZhJTNF[\/vc_raw_html][vc_raw_js]JTNDc2NyaXB0JTIwdHlwZSUzRCUyMnRleHQlMkZqYXZhc2NyaXB0JTIyJTNFJTIwJTBBalF1ZXJ5JTI4ZG9jdW1lbnQlMjkucmVhZHklMjhmdW5jdGlvbiUyOCUyMCUyNCUyMCUyOSUyMCU3QiUwQSUwOSUwQSUyNCUyOCUyN2RpdiUyM2ltZ0J1ZGdldCUyNyUyOS5vbiUyOCUyN21vdXNlb3ZlciUyNyUyQyUyMCUwQWZ1bmN0aW9uJTI4JTI5JTdCJTBBJTIwJTIwJTIwJTIwdmFyJTIwaW1nJTIwJTNEJTIwJTI0JTI4dGhpcyUyOS5jaGlsZHJlbiUyOCUyN2ltZyUyNyUyOSUzQiUwQSUyMCUyMCUyMCUyMGltZy5hdHRyJTI4JTI3c3JjJTI3JTJDJTIwaW1nLmRhdGElMjglMjdob3ZlciUyNyUyOSUyOSUzQiUwQSUyNCUyOHRoaXMlMjkuZmluZCUyOCUyN2gzJTI3JTI5LmNzcyUyOCU3QiUyMmNvbG9yJTIyJTNBJTIwJTIyJTIzZmZmJTIyJTdEJTI5JTNCJTBBJTdEJTI5JTNCJTBBJTBBJTI0JTI4JTI3ZGl2JTIzaW1nQnVkZ2V0JTI3JTI5Lm9uJTI4JTI3bW91c2VvdXQlMjclMkMlMjBmdW5jdGlvbiUyOCUyOSU3QiUwQSUyMCUyMCUyMCUyMHZhciUyMGltZyUyMCUzRCUyMCUyNCUyOHRoaXMlMjkuY2hpbGRyZW4lMjglMjdpbWclMjclMjklM0IlMEElMjAlMjAlMjAlMjBpbWcuYXR0ciUyOCUyN3NyYyUyNyUyQyUyMGltZy5kYXRhJTI4JTI3b3V0JTI3JTI5JTI5JTNCJTBBJTI0JTI4dGhpcyUyOS5maW5kJTI4JTI3aDMlMjclMjkuY3NzJTI4JTdCJTIyY29sb3IlMjIlM0ElMjAlMjIlMjMzMzMlMjIlN0QlMjklM0IlMEElN0QlMjklM0IlMEElMEElMjAlN0QlMjklM0IlMEElM0MlMkZzY3JpcHQlM0U=[\/vc_raw_js][\/vc_column_inner][\/vc_row_inner][\/vc_column][\/vc_row]<\/p>\n","protected":false},"excerpt":{"rendered":"<p>[vc_row equal_height=&#8221;yes&#8221; content_placement=&#8221;middle&#8221; wrap_type=&#8221;in_container&#8221;][vc_column width=&#8221;1\/2&#8243;][vc_single_image image=&#8221;250&#8243; img_size=&#8221;full&#8221; alignment=&#8221;center&#8221;][\/vc_column][vc_column width=&#8221;1\/2&#8243;][vc_column_text] A ABC CARGO transporta qualquer carga completa ou fraccionada (grupagem), independentemente do seu peso, volume ou dimens\u00e3o, desde a origem ao destino, tendo sempre em considera\u00e7\u00e3o os fatores tempo \/ qualidade \/ pre\u00e7o no seu manuseamento e transporte. O servi\u00e7o de transporte rodovi\u00e1rio disponibilizado pela ABC CARGO oferece sa\u00eddas regulares em&#8230;<\/p>\n","protected":false},"author":1,"featured_media":0,"parent":0,"menu_order":0,"comment_status":"closed","ping_status":"closed","template":"page-full-width.php","meta":{"footnotes":""},"class_list":["post-207","page","type-page","status-publish","hentry"],"_links":{"self":[{"href":"https:\/\/www.abccargo.pt\/index.php\/wp-json\/wp\/v2\/pages\/207"}],"collection":[{"href":"https:\/\/www.abccargo.pt\/index.php\/wp-json\/wp\/v2\/pages"}],"about":[{"href":"https:\/\/www.abccargo.pt\/index.php\/wp-json\/wp\/v2\/types\/page"}],"author":[{"embeddable":true,"href":"https:\/\/www.abccargo.pt\/index.php\/wp-json\/wp\/v2\/users\/1"}],"replies":[{"embeddable":true,"href":"https:\/\/www.abccargo.pt\/index.php\/wp-json\/wp\/v2\/comments?post=207"}],"version-history":[{"count":66,"href":"https:\/\/www.abccargo.pt\/index.php\/wp-json\/wp\/v2\/pages\/207\/revisions"}],"predecessor-version":[{"id":1275,"href":"https:\/\/www.abccargo.pt\/index.php\/wp-json\/wp\/v2\/pages\/207\/revisions\/1275"}],"wp:attachment":[{"href":"https:\/\/www.abccargo.pt\/index.php\/wp-json\/wp\/v2\/media?parent=207"}],"curies":[{"name":"wp","href":"https:\/\/api.w.org\/{rel}","templated":true}]}}